)/c)/(2/6)?
1
Suppose -u - 8 - 52 = 0. What is the units digit of 7/((-63)/u)*3?
0
Let h = 7 - -14. Let j = -13 + h. Suppose 3 - j = -5*m. What is the units digit of m?
1
What is the tens digit of 52 + (-4 - (-1)/((-4)/(-28)))?
5
Let q(r) = r**3 + 8*r**2 - 6*r + 2. Let j(g) = g**3 - g**2 - g + 1. Let s be j(-2). Let x be q(s). Let i = -16 - x. What is the units digit of i?
9
Let r be ((-6)/3)/(-1*1). Let m = 2 - r. What is the tens digit of (-6 - m)/3 - -15?
1
Suppose -5*s + 1108 = 88. Suppose 4*m + 2*m - s = 0. What is the units digit of m?
4
Let l be (3/(-4))/((-4)/80). Let x = l + 2. What is the units digit of x?
7
Let v be (15 + -2)*(1 - 2). Let s = -8 - v. Suppose n - 10 = -3*g + 8, g + s*n = 6. What is the units digit of g?
6
What is the units digit of (-6)/2 + 4 - -3?
4
Suppose 7 = 3*v - 35. What is the units digit of v?
4
Let z be 2/(-2)*(-20)/(-4). Let y(t) = t**3 + 7*t**2 + 4*t - 5. Let i be y(z). Suppose 3*d + i = 8*d. What is the units digit of d?
5
Let h be 1*(-2)/(-1 - 1). Let o(u) = 4*u**2 + 2*u - 1. What is the units digit of o(h)?
5
Suppose -5*u = -367 + 47. What is the units digit of u?
4
Suppose 3*w + 0*w + 17 = 4*h, -4*h - w = -21. Suppose -12 - 10 = -2*s + h*j, s - 5*j - 6 = 0. What is the units digit of s?
6
Let c(z) = 2*z + 14. What is the tens digit of c(8)?
3
Suppose -6*p + 2*p + 328 = 0. What is the units digit of p?
2
Let j(v) be the third derivative of v**5/60 - v**4/6 - 3*v**3/2 + v**2. Let r be j(7). Suppose u = -0*u + r. What is the tens digit of u?
1
Suppose q - 58 = -2*a - 22, -4*a - 5*q = -84. What is the tens digit of a?
1
Let w(b) = -b**2 + 8*b + 11. Let j be w(9). Suppose a = j - 0. What is the units digit of a?
2
Suppose 0 = -4*z - 3*a + 941, 5*a - 3*a = -2. What is the hundreds digit of z?
2
Suppose q - 1 = 0, -3*l = -4*q + 5*q - 4. Suppose 3 = 2*x + l. What is the units digit of x?
1
Let w be ((-92)/(-5))/(6/15). Suppose 19 = 5*a - w. What is the units digit of a?
3
Suppose -5*s + 0*x - 24 = 3*x, 3*x = -4*s - 18. Let n(g) = -g**2 - 7*g + 8. Let m be n(s). Suppose 2*z = 2 + m. What is the units digit of z?
8
Suppose 86 = 6*x - 124. What is the tens digit of x?
3
Suppose b + 32 = d, -2*d - 4*b + 7*b = -69. Let l = -17 + d. What is the tens digit of l?
1
Let z = -28 + 63. What is the units digit of z?
5
Let a be (-2)/(-4) + 18/4. Let x = a - 4. What is the units digit of x?
1
What is the units digit of ((-34)/4 + 8)*(-1 + -1)?
1
Let b(j) be the first derivative of 29*j**3/3 - j**2 - j - 6. What is the units digit of b(-1)?
0
Let s = 3 + -2. Let x(q) = 14*q - 3. Let w(i) = -1. Let m(k) = s*x(k) - 3*w(k). What is the tens digit of m(1)?
1
Let y(b) = b**2 - 1 + b + 2*b + 3. What is the units digit of y(3)?
0
Let m = 15 + -19. Let j = m + 6. What is the units digit of j?
2
Let x(s) = s**2. Let v(p) = 5*p**2 - 6*p + 5. Let c(f) = v(f) - 4*x(f). Let n be c(5). Suppose 5*l - 15 = n, -2*a + 15 = a + l. What is the units digit of a?
4
Let u = 14 + 139. Suppose 0 = 3*d - 6*d + u. What is the units digit of d?
1
Let s(l) = 2*l - 2. Let o be s(3). Let x(z) = z**3 - z + 16. Let k be x(0). Suppose t = k - o. What is the units digit of t?
2
Let n(c) = c**3 - 2*c**2 + 1. Let b be n(2). What is the units digit of (5 + -6)*(-25)/b?
5
Suppose 5*u - 10 - 30 = 0. What is the units digit of 6/(-8) + 54/u?
6
Let y be 2/12 + (-31)/6. Let t(v) = v**2 + v. What is the units digit of t(y)?
0
Let k(c) = -c - 1. Let i be k(-3). Suppose b = z - 3, i*z - b = 5 - 0. Suppose 2*a = -z*a + 36. What is the units digit of a?
9
Let x be 0/(-2) + 0 + -2. Let w be 5 + 3 + (-4)/x. Suppose -4*n + 14 = -z, z - w = n - 3*n. What is the units digit of n?
4
Suppose 2*n - 32 - 24 = -4*d, 3*d + 4*n = 42. Let g = d - 9. What is the units digit of g?
5
Let g be 633/18 - (-2)/(-12). Let p be 4/10 + 1316/g. Let o = -20 + p. What is the tens digit of o?
1
Let x be (-2)/(-7) + 80/14. Suppose -3*j + 68 - x = -4*s, -2*j - s = -23. What is the tens digit of j?
1
Let s(t) = 0*t - t - 4*t**3 + 6 + 4*t**2 + 3*t**3 + 2*t**2. Let a be s(6). What is the units digit of (a + 6)*(-2)/(-2)?
6
Let n = 1 + 0. Suppose 0 = -5*x - 3*r - r + 18, -3*r = 2*x - 10. Let v = x + n. What is the units digit of v?
3
Suppose p + 31 = 100. What is the units digit of p?
9
Suppose -5*p + 44 + 201 = 0. What is the units digit of p?
9
Suppose 4 = -2*p + 3*c, 8*p - 3*p + 4*c - 36 = 0. Suppose 0 = -g - 3*g + 2*b - 94, 4*g + p*b + 100 = 0. Let n = g + 34. What is the units digit of n?
0
Suppose 5*z + 3*h = 5*h + 877, -z + h + 176 = 0. What is the hundreds digit of z?
1
Suppose 5*c = -0*y - 5*y, -c = 3*y - 10. What is the units digit of y*(3/(-3))/(-1)?
5
Let c be -3 + (-3)/(-6)*-2. Let n = c - -11. Let x = -5 + n. What is the units digit of x?
2
Let r = 2 - 5. Let a be (-2)/6*r - 23. What is the units digit of (a/4)/((-7)/14)?
1
Let z = -23 - -58. Suppose -4*x + z = x. What is the units digit of x?
7
Let l = -93 + 233. What is the hundreds digit of l?
1
Let l(s) = -s + 4. Let b be l(3). What is the units digit of (-92)/(-12) + b/3?
8
Let z be 6/(-9) - (-2)/(-6). What is the tens digit of 0 - z/((-2)/(-28))?
1
What is the units digit of (-60)/(-1) - 12/3?
6
Let u(p) = -p**3 - 8*p**2 + p + 8. Let h = 3 + -11. Let q be u(h). Suppose n - 7 + 2 = q. What is the units digit of n?
5
What is the hundreds digit of (123/(-15))/(5/(-175))?
2
What is the tens digit of (2/6)/(2/390)?
6
Let b = -80 - -128. Suppose -n - b = -3*o, -3*n = 6*o - o - 66. What is the tens digit of o?
1
Suppose -c - 3*t - 1 = -2, -4*c + 3*t + 19 = 0. Suppose 5*o - c*o = -4. What is the units digit of 6/o*(-2)/3?
1
What is the tens digit of -1*-187*(1 + 0)?
8
Suppose -3*j + 7*j = -5*c + 390, -15 = 3*j. Suppose 2*k = 6*k - w - c, k = -5*w + 10. Suppose 16 = 4*v + 4*t, -t - k = -5*v - 0*t. What is the units digit of v?
4
Let k be 9*(-2 + 14/6). Suppose k*o - 3*d = 9, 2*o + 3*o - 2*d = 24. What is the units digit of o?
6
What is the tens digit of 1/(2 + 190/(-97))*8?
9
Let v be -1*0/(7 + -4). Suppose -27 - 15 = -2*o. Suppose -h - o = -3*p, -3*p + 5*h + v*h = -21. What is the units digit of p?
7
Let t(b) = -7*b**2 + 5*b - 5. Let q(u) = -u + 1. Let j(z) = -6*q(z) - t(z). Let p be j(3). What is the units digit of 2/(-6) + p/15?
4
Let y(r) = -17*r**2 - 5*r - 6. Let q(k) = k + 4 - k**2 - 2*k - 3 - 2. Let t(c) = 5*q(c) - y(c). What is the tens digit of t(1)?
1
Let g(z) = z**3 + 4*z**2 - 2. Suppose -4 = 4*n - 2*n. What is the units digit of g(n)?
6
Suppose p + 16 = -p. Let r = -6 - p. Let c = r - -3. What is the units digit of c?
5
Let z(k) = -k**3 + 7*k**2 - 3*k - 6. Let f(r) = 7*r**2 - 1. Let d be f(-1). Let p be z(d). Suppose p + 0 = s. What is the tens digit of s?
1
Let j(x) = 3*x**3 - x**3 - x**3 + x + 2*x**3. Let p be j(1). Suppose d + 0 = p. What is the units digit of d?
4
Suppose 0*r + 5*j + 21 = 3*r, 0 = -2*r - j + 1. Let w(d) = -4*d + 13 + 2*d**r - 14 + d. What is the units digit of w(3)?
8
Let s(u) be the first derivative of 2*u**3 + 3*u**2 + 8*u + 2. Let f(k) = k**2 + 1. Let h(a) = 5*f(a) - s(a). What is the units digit of h(-4)?
5
Let j = 279 - 157. What is the hundreds digit of j?
1
Let z(m) = -6*m + 7. What is the units digit of z(-5)?
7
Suppose -8*w + 4*w + 16 = 0. What is the units digit of w?
4
Suppose -4*n + 144 = -n. What is the tens digit of n?
4
Suppose 117 = -2*z + 5*z. What is the units digit of z?
9
Let m = -7 - -2. Let j be 6/30 + (-9)/m. Let y = 8 - j. What is the units digit of y?
6
Suppose 3*z = -2*z - 3*j + 304, -z + 56 = 3*j. What is the tens digit of z?
6
Let x(a) = -5*a**3 + 11*a**2 - 16*a - 240. Let k(y) = -y**3 + 2*y**2 - 3*y - 48. Let n(f) = -11*k(f) + 2*x(f). What is the tens digit of n(0)?
4
Suppose 42 - 615 = -3*l. What is the units digit of l?
1
Let j = -3 - -2. Let s be -4*2*j/2. Let g = s + 2. What is the units digit of g?
6
What is the tens digit of (6/(-9))/((-5)/(2895/2))?
9
Let q = -101 + 233. What is the tens digit of q?
3
Let n = -4 - -7. Let c(s) = -3 + 4*s**3 - 2*s**3 + 2*s - s**n - 3*s + 4*s**2. What is the units digit of c(-3)?
9
Let n be (-8)/4 - (2 + -10). Let p = n - 3. Suppose -p = j + 2*k - 1, 5*k = -25. What is the units digit of j?
8
Let s = -55 - -104. Suppose s = 3*r + 3*w - 14, -43 = -2*r - 3*w. What is the tens digit of r?
2
Suppose y = 3*y - 54. What is the tens digit of y?
2